{"id":124,"date":"2011-08-22T15:27:51","date_gmt":"2011-08-22T12:27:51","guid":{"rendered":"http:\/\/miikkakiminki.com\/?page_id=124"},"modified":"2018-09-16T15:43:16","modified_gmt":"2018-09-16T12:43:16","slug":"info","status":"publish","type":"page","link":"https:\/\/miikkakiminki.com\/?page_id=124","title":{"rendered":"Info"},"content":{"rendered":"<p style=\"text-align: justify;\">Ty\u00f6skentelen valokuvaajana Porista k\u00e4sin. Enimm\u00e4kseen toimin Satakunnan, Varsinais-Suomen ja Pirkanmaan alueilla mutta kuvaukset onnistuvat sopimuksen mukaan my\u00f6s muualla.<\/p>\n<h3>Curriculum vitae<\/h3>\n<address>Syntynyt 1984, 7.tammikuuta Eskilstunassa<br \/>\nPuh: 040 8319 223<br \/>\nE-mail: <a href=\"mailto:miikka.kiminki@gmail.com\">miikka.kiminki@gmail.com<\/a><\/address>\n<address>\u00a0<\/address>\n<p><strong>Opinnot<\/strong><\/p>\n<p><strong>2006\u20132010<\/strong> Turun AMK, Taideakatemia, viestinn\u00e4n koulutusohjelma, valokuva.<br \/>\n<strong>2004\u20132005<\/strong> Lahden kansanopisto, valokuva.<\/p>\n<p><b>\u00a0<\/b>Freelancerina julkaistuja kuvia mm. Kotiliesi, Eeva, Maalla, Meid\u00e4n Talo, Seura, Ekonomi, Amnesty International,\u00a0Lapsen maailma,\u00a0Satakunnan Kansa, Aamulehti, Iltalehti, Turun Sanomat, Savonsanomat, \u00a0Mannerheimin Lastensuojeluliitto, MTV3.<\/p>\n<h3>Residenssit<\/h3>\n<p><strong>2012 \u00a0<\/strong>Villa Karo, Benin.<\/p>\n<h3>My\u00f6nnetyt apurahat<\/h3>\n<p><strong>2013\u00a0<\/strong>Suomen kulttuurirahaston Satakunnan rahasto.<\/p>\n<h3>Yksityisn\u00e4yttelyt<\/h3>\n<p><strong>2009 \u00a0<\/strong>Kaukaa Haettu, K\u00f6ysiratagalleria, Turku.<\/p>\n<h3>Yhteisn\u00e4yttelyt<\/h3>\n<p><b>2013 \u00a0<\/b>Suurin kaikista on rakkaus? W\u00e4in\u00f6 Aaltosen museo, Turku<b><\/b><\/p>\n<p><strong>2012 <\/strong>\u00a0En kirjoita mit\u00e4\u00e4n tarinaa, Valokuvakeskus Peri, Turku.<\/p>\n<p><strong>2009<\/strong>\u00a0Onde estou? Miss\u00e4 olen, Valokuvakeskus Peri, Turku.<\/p>\n<p><strong>2007<\/strong>\u00a0 Turun AMK:n kuvataiteen koulutusohjelman 1.vuosikurssin n\u00e4yttely, K\u00f6ysiratagalleria, Turku.<\/p>\n<p>&nbsp;<\/p>\n","protected":false},"excerpt":{"rendered":"<p>Ty\u00f6skentelen valokuvaajana Porista k\u00e4sin. Enimm\u00e4kseen toimin Satakunnan, Varsinais-Suomen ja Pirkanmaan alueilla mutta kuvaukset onnistuvat sopimuksen mukaan my\u00f6s muualla. Curriculum vitae Syntynyt 1984, 7.tammikuuta Eskilstunassa Puh: 040 8319 223 E-mail: miikka.kiminki@gmail.com [&hellip;]<\/p>\n","protected":false},"author":2,"featured_media":0,"parent":0,"menu_order":0,"comment_status":"closed","ping_status":"closed","template":"template-galleria.php","meta":{"_monsterinsights_skip_tracking":false,"_monsterinsights_sitenote_active":false,"_monsterinsights_sitenote_note":"","_monsterinsights_sitenote_category":0,"footnotes":""},"_links":{"self":[{"href":"https:\/\/miikkakiminki.com\/index.php?rest_route=\/wp\/v2\/pages\/124"}],"collection":[{"href":"https:\/\/miikkakiminki.com\/index.php?rest_route=\/wp\/v2\/pages"}],"about":[{"href":"https:\/\/miikkakiminki.com\/index.php?rest_route=\/wp\/v2\/types\/page"}],"author":[{"embeddable":true,"href":"https:\/\/miikkakiminki.com\/index.php?rest_route=\/wp\/v2\/users\/2"}],"replies":[{"embeddable":true,"href":"https:\/\/miikkakiminki.com\/index.php?rest_route=%2Fwp%2Fv2%2Fcomments&post=124"}],"version-history":[{"count":3,"href":"https:\/\/miikkakiminki.com\/index.php?rest_route=\/wp\/v2\/pages\/124\/revisions"}],"predecessor-version":[{"id":2844,"href":"https:\/\/miikkakiminki.com\/index.php?rest_route=\/wp\/v2\/pages\/124\/revisions\/2844"}],"wp:attachment":[{"href":"https:\/\/miikkakiminki.com\/index.php?rest_route=%2Fwp%2Fv2%2Fmedia&parent=124"}],"curies":[{"name":"wp","href":"https:\/\/api.w.org\/{rel}","templated":true}]}}